is the tens digit of 980?
8
What is the units digit of 1760?
0
What is the hundreds digit of 573?
5
What is the hundreds digit of 2991?
9
What is the hundreds digit of 1205?
2
What is the units digit of 4060?
0
What is the tens digit of 11200?
0
What is the tens digit of 4538?
3
What is the hundreds digit of 6944?
9
What is the tens digit of 46041?
4
What is the units digit of 30181?
1
What is the tens digit of 1646?
4
What is the units digit of 140481?
1
What is the tens digit of 31368?
6
What is the tens digit of 167?
6
What is the tens digit of 728?
2
What is the tens digit of 2589?
8
What is the thousands digit of 5052?
5
What is the thousands digit of 17642?
7
What is the units digit of 1314?
4
What is the thousands digit of 3785?
3
What is the thousands digit of 3946?
3
What is the hundreds digit of 655?
6
What is the hundreds digit of 8388?
3
What is the ten thousands digit of 12581?
1
What is the units digit of 1686?
6
What is the thousands digit of 14423?
4
What is the units digit of 3749?
9
What is the units digit of 4871?
1
What is the units digit of 14485?
5
What is the thousands digit of 2352?
2
What is the units digit of 901?
1
What is the ten thousands digit of 86777?
8
What is the ten thousands digit of 10194?
1
What is the thousands digit of 2711?
2
What is the hundreds digit of 10923?
9
What is the units digit of 8950?
0
What is the units digit of 822?
2
What is the units digit of 77870?
0
What is the units digit of 9022?
2
What is the hundreds digit of 10971?
9
What is the hundreds digit of 2065?
0
What is the ten thousands digit of 11088?
1
What is the thousands digit of 58204?
8
What is the units digit of 8732?
2
What is the hundreds digit of 1204?
2
What is the units digit of 13513?
3
What is the units digit of 2141?
1
What is the thousands digit of 9438?
9
What is the hundreds digit of 2973?
9
What is the units digit of 2672?
2
What is the thousands digit of 4878?
4
What is the units digit of 9333?
3
What is the ten thousands digit of 15363?
1
What is the units digit of 317?
7
What is the thousands digit of 1136?
1
What is the hundreds digit of 290?
2
What is the units digit of 7587?
7
What is the units digit of 207?
7
What is the units digit of 891?
1
What is the tens digit of 244?
4
What is the units digit of 574?
4
What is the tens digit of 2441?
4
What is the tens digit of 1596?
9
What is the units digit of 7881?
1
What is the tens digit of 1056?
5
What is the thousands digit of 24889?
4
What is the thousands digit of 7635?
7
What is the thousands digit of 4503?
4
What is the hundreds digit of 30287?
2
What is the hundreds digit of 6541?
5
What is the thousands digit of 116749?
6
What is the ten thousands digit of 63324?
6
What is the hundreds digit of 792?
7
What is the tens digit of 917?
1
What is the hundreds digit of 5097?
0
What is the hundreds digit of 453?
4
What is the ten thousands digit of 39341?
3
What is the tens digit of 1647?
4
What is the thousands digit of 14772?
4
What is the hundreds digit of 3399?
3
What is the units digit of 2982?
2
What is the hundreds digit of 39339?
3
What is the hundreds digit of 29534?
5
What is the units digit of 2658?
8
What is the thousands digit of 12150?
2
What is the tens digit of 709?
0
What is the units digit of 9464?
4
What is the thousands digit of 7365?
7
What is the tens digit of 3526?
2
What is the tens digit of 26194?
9
What is the ten thousands digit of 80312?
8
What is the thousands digit of 2040?
2
What is the units digit of 1057?
7
What is the units digit of 1808?
8
What is the thousands digit of 1205?
1
What is the tens digit of 9249?
4
What is the tens digit of 154?
5
What is the tens digit of 19969?
6
What is the ten thousands digit of 27629?
2
What is the thousands digit of 1912?
1
What is the units digit of 12292?
2
What is the units digit of 28967?
7
What is the units digit of 5257?
7
What is the units digit of 2091?
1
What is the units digit of 20717?
7
What is the thousands digit of 1037?
1
What is the thousands digit of 5261?
5
What is the units digit of 18623?
3
What is the units digit of 1277?
7
What is the units digit of 56152?
2
What is the tens digit of 197?
9
What is the units digit of 4512?
2
What is the thousands digit of 2949?
2
What is the thousands digit of 27189?
7
What is the hundreds digit of 1577?
5
What is the hundreds digit of 51304?
3
What is the tens digit of 467?
6
What is the hundreds digit of 570?
5
What is the tens digit of 285?
8
What is the thousands digit of 5445?
5
What is the ten thousands digit of 170135?
7
What is the hundreds digit of 181174?
1
What is the tens digit of 1795?
9
What is the tens digit of 15073?
7
What is the tens digit of 5304?
0
What is the units digit of 610?
0
What is the tens digit of 267?
6
What is the hundreds digit of 5960?
9
What is the tens digit of 6898?
9
What is the tens digit of 43761?
6
What is the hundreds digit of 59951?
9
What is the thousands digit of 37445?
7
What is the units digit of 86897?
7
What is the hundreds digit of 777?
7
What is the units digit of 933?
3
What is the units digit of 24698?
8
What is the tens digit of 168?
6
What is the ten thousands digit of 24262?
2
What is the units digit of 830?
0
What is the units digit of 46091?
1
What is the hundreds digit of 14929?
9
What is the tens digit of 447?
4
What is the thousands digit of 6643?
6
What is the hundreds digit of 5060?
0
What is the tens digit of 19300?
0
What is the units digit of 856?
6
What is the units digit of 9907?
7
What is the tens digit of 3192?
9
What is the tens digit of 5715?
1
What is the tens digit of 699?
9
What is the tens digit of 3501?
0
What is the hundreds digit of 224?
2
What is the tens digit of 3461?
6
What is the thousands digit of 6162?
6
What is the units digit of 2123?
3
What is the hundreds digit of 1769?
7
What is the tens digit of 5039?
3
What is the tens digit of 1122?
2
What is the thousands digit of 1206?
1
What is the hundreds digit of 1059?
0
What is the tens digit of 144584?
8
What is the tens digit of 1859?
5
What is the tens digit of 2707?
0
What is the hundreds digit of 9686?
6
What is the units digit of 24114?
4
What is the thousands digit of 7020?
7
What is the units digit of 25683?
3
What is the units digit of 903?
3
What is the tens digit of 478?
7
What is the thousands digit of 1491?
1
What is the units digit of 1573?
3
What is the units digit of 899?
9
What is the tens digit of 5450?
5
What is the thousands digit of 3474?
3
What is the tens digit of 3962?
6
What is the tens digit of 2592?
9
What is the ten thousands digit of 133731?
3
What is the tens digit of 684?
8
What is the units digit of 2392?
2
What is the hundreds digit of 1392?
3
What is the tens digit of 1146?
4
What is the tens digit of 170983?
8
What is the tens digit of 2045?
4
What is the thousands digit of 2917?
2
What is the hundreds digit of 1188?
1
What is the units digit of 6339?
9
What is the units digit of 2806?
6
What is the units digit of 589?
9
What is the thousands digit of 33767?
3
What is the ten thousands digit of 40401?
4
What is the hundreds digit of 2825?
8
What is the thousands digit of 1429?
1
What is the hundreds digit of 973?
9
What is the hundreds digit of 878?
8
What is the units digit of 216?
6
What is the units digit of 732?
2
What is the hundreds digit of 2533?
5
What is the thousands digit of 5952?
5
What is the ten thousands digit of 34838?
3
What is the hundreds digit of 595?
5
What is the units digit of 3645?
5
What is the tens digit of 18130?
3
What is the units digit of 2110?
0
What is the units digit of 116914?
4
What is the tens digit of 367?
6
What is the thousands digit of 67989?
7
What is the tens digit of 19460?
6
What is the hundreds digit of 14411?
4
What is the hundreds digit of 2486?
4
What is the tens digit of 42701?
0
What is the hundreds digit of 2140?
1
What is the thousands digit of 4704?
4
What is the tens digit of 5246?
4
What is the thousands digit of 9688?
9
What is the hundreds digit of 1403?
4
What is the ten thousands digit of 14715?
1
What is the tens digit of 341?
4
What is the hundred thousands digit of 130082?
1
What is the units digit of 88785?
5
What is the ten thousands digit of 78191?
7
What is the thousands digit of 10490?
0
What is the unit